 of 535?
5
What is the thousands digit of 10055?
0
What is the thousands digit of 1291?
1
What is the hundreds digit of 5493?
4
What is the hundreds digit of 1958?
9
What is the tens digit of 49447?
4
What is the tens digit of 962?
6
What is the ten thousands digit of 17367?
1
What is the units digit of 17068?
8
What is the tens digit of 9952?
5
What is the thousands digit of 1329?
1
What is the tens digit of 6815?
1
What is the hundreds digit of 2637?
6
What is the tens digit of 7624?
2
What is the thousands digit of 4964?
4
What is the hundred thousands digit of 103647?
1
What is the tens digit of 2701?
0
What is the units digit of 122?
2
What is the units digit of 758?
8
What is the tens digit of 723?
2
What is the units digit of 4532?
2
What is the hundreds digit of 947?
9
What is the tens digit of 72276?
7
What is the tens digit of 90?
9
What is the thousands digit of 1608?
1
What is the ten thousands digit of 67798?
6
What is the units digit of 4541?
1
What is the ten thousands digit of 89020?
8
What is the ten thousands digit of 10176?
1
What is the tens digit of 2581?
8
What is the hundreds digit of 967?
9
What is the thousands digit of 44832?
4
What is the hundreds digit of 1833?
8
What is the tens digit of 7992?
9
What is the tens digit of 954?
5
What is the hundreds digit of 252?
2
What is the units digit of 10501?
1
What is the hundreds digit of 2936?
9
What is the units digit of 19229?
9
What is the units digit of 131031?
1
What is the tens digit of 4913?
1
What is the thousands digit of 3546?
3
What is the hundreds digit of 8442?
4
What is the hundreds digit of 5549?
5
What is the tens digit of 549?
4
What is the units digit of 129846?
6
What is the tens digit of 14170?
7
What is the thousands digit of 2507?
2
What is the thousands digit of 156628?
6
What is the units digit of 24716?
6
What is the tens digit of 58705?
0
What is the units digit of 123?
3
What is the units digit of 4209?
9
What is the ten thousands digit of 38443?
3
What is the units digit of 66739?
9
What is the thousands digit of 7014?
7
What is the tens digit of 2389?
8
What is the hundreds digit of 16889?
8
What is the hundreds digit of 1028?
0
What is the hundreds digit of 2253?
2
What is the ten thousands digit of 27778?
2
What is the units digit of 959?
9
What is the tens digit of 30862?
6
What is the thousands digit of 161095?
1
What is the thousands digit of 72010?
2
What is the hundreds digit of 220?
2
What is the units digit of 442?
2
What is the tens digit of 1233?
3
What is the hundreds digit of 388?
3
What is the units digit of 188?
8
What is the tens digit of 105359?
5
What is the units digit of 5993?
3
What is the hundreds digit of 6451?
4
What is the units digit of 418?
8
What is the tens digit of 84028?
2
What is the hundreds digit of 756?
7
What is the tens digit of 2682?
8
What is the ten thousands digit of 19757?
1
What is the units digit of 908?
8
What is the units digit of 6206?
6
What is the units digit of 3883?
3
What is the units digit of 1710?
0
What is the hundreds digit of 105647?
6
What is the tens digit of 690?
9
What is the units digit of 160?
0
What is the units digit of 7970?
0
What is the hundreds digit of 1477?
4
What is the ten thousands digit of 13192?
1
What is the tens digit of 9567?
6
What is the tens digit of 580?
8
What is the tens digit of 533?
3
What is the hundreds digit of 13776?
7
What is the tens digit of 12132?
3
What is the hundreds digit of 704?
7
What is the thousands digit of 164813?
4
What is the thousands digit of 20079?
0
What is the tens digit of 1568?
6
What is the units digit of 515?
5
What is the ten thousands digit of 42616?
4
What is the thousands digit of 1616?
1
What is the thousands digit of 10230?
0
What is the thousands digit of 1304?
1
What is the thousands digit of 96621?
6
What is the hundreds digit of 9768?
7
What is the thousands digit of 5192?
5
What is the hundreds digit of 64252?
2
What is the units digit of 3084?
4
What is the tens digit of 1126?
2
What is the hundreds digit of 1549?
5
What is the hundreds digit of 3161?
1
What is the hundreds digit of 102224?
2
What is the tens digit of 41753?
5
What is the units digit of 860?
0
What is the units digit of 12271?
1
What is the tens digit of 22632?
3
What is the units digit of 55128?
8
What is the units digit of 250?
0
What is the thousands digit of 12336?
2
What is the units digit of 60449?
9
What is the thousands digit of 30608?
0
What is the tens digit of 3399?
9
What is the hundreds digit of 918?
9
What is the units digit of 2408?
8
What is the tens digit of 64796?
9
What is the hundreds digit of 2679?
6
What is the tens digit of 3108?
0
What is the tens digit of 81422?
2
What is the tens digit of 1549?
4
What is the units digit of 402?
2
What is the thousands digit of 5034?
5
What is the tens digit of 31376?
7
What is the units digit of 15328?
8
What is the tens digit of 2233?
3
What is the tens digit of 11777?
7
What is the tens digit of 3400?
0
What is the units digit of 1071?
1
What is the thousands digit of 108128?
8
What is the tens digit of 963?
6
What is the tens digit of 302?
0
What is the units digit of 5716?
6
What is the hundreds digit of 9285?
2
What is the hundreds digit of 62577?
5
What is the tens digit of 2181?
8
What is the thousands digit of 47059?
7
What is the units digit of 72809?
9
What is the tens digit of 1202?
0
What is the thousands digit of 39767?
9
What is the hundreds digit of 259?
2
What is the units digit of 3252?
2
What is the tens digit of 64852?
5
What is the tens digit of 2590?
9
What is the units digit of 2328?
8
What is the ten thousands digit of 77783?
7
What is the tens digit of 27208?
0
What is the units digit of 197?
7
What is the thousands digit of 51448?
1
What is the tens digit of 554?
5
What is the hundreds digit of 56536?
5
What is the thousands digit of 4406?
4
What is the thousands digit of 13187?
3
What is the units digit of 41288?
8
What is the hundreds digit of 6563?
5
What is the units digit of 382?
2
What is the thousands digit of 3177?
3
What is the hundreds digit of 2212?
2
What is the units digit of 547?
7
What is the hundreds digit of 214?
2
What is the hundreds digit of 1132?
1
What is the tens digit of 192?
9
What is the ten thousands digit of 10976?
1
What is the hundreds digit of 7198?
1
What is the units digit of 4326?
6
What is the units digit of 1248?
8
What is the units digit of 58213?
3
What is the thousands digit of 153344?
3
What is the thousands digit of 102321?
2
What is the tens digit of 24023?
2
What is the hundreds digit of 2356?
3
What is the tens digit of 2327?
2
What is the tens digit of 26577?
7
What is the thousands digit of 1520?
1
What is the hundreds digit of 119150?
1
What is the units digit of 3479?
9
What is the units digit of 4838?
8
What is the units digit of 15911?
1
What is the units digit of 1890?
0
What is the hundreds digit of 4202?
2
What is the tens digit of 815?
1
What is the tens digit of 1726?
2
What is the hundreds digit of 3297?
2
What is the thousands digit of 3446?
3
What is the units digit of 519?
9
What is the thousands digit of 1079?
1
What is the ten thousands digit of 27489?
2
What is the hundreds digit of 136565?
5
What is the units digit of 724?
4
What is the hundreds digit of 2568?
5
What is the hundreds digit of 25146?
1
What is the ten thousands digit of 10091?
1
What is the tens digit of 577?
7
What is the tens digit of 1069?
6
What is the units digit of 112230?
0
What is the tens digit of 3068?
6
What is the hundreds digit of 766?
7
What is the tens digit of 13101?
0
What is the hundreds digit of 195?
1
What is the tens digit of 2578?
7
What is the units digit of 932?
2
What is the hundreds digit of 123339?
3
What is the thousands digit of 3781?
3
What is the units digit of 1410?
0
What is the units digit of 18552?
2
What is the hundreds digit of 2401?
4
What is the tens digit of 2184?
8
What is the tens digit of 51626?
2
What is the units digit of 6555?
5
What is the thousands digit of 189809?
9
What is the hundreds digit of 2011?
0
What is the thousands digit of 24243?
4
What is the thousands digit of 1013?
1
What is the units digit of 16419?
9
What is the units digit of 5913?
3
What is the hundreds digit of 3310?
3
Wh